de 3376700?
True
Does 5 divide 70955?
True
Does 715 divide 3933954?
False
Is 229 a factor of 359639?
False
Does 21 divide 8876773?
False
Does 49 divide 109948?
False
Is 177559 a multiple of 7?
False
Is 12 a factor of 427357?
False
Is 1193452 a multiple of 329?
False
Is 141 a factor of 159967?
False
Does 2 divide 2407?
False
Is 303 a factor of 3220094?
False
Is 199700 a multiple of 175?
False
Is 353 a factor of 6464022?
False
Is 39 a factor of 160708?
False
Is 105 a factor of 389340?
True
Is 178 a factor of 302568?
False
Does 36 divide 1908?
True
Does 153 divide 26911935?
True
Does 30 divide 25730?
False
Is 7 a factor of 86080?
False
Is 44 a factor of 98922?
False
Does 132 divide 468624?
False
Is 15 a factor of 348690?
True
Is 94 a factor of 1496386?
True
Is 811899 a multiple of 139?
True
Is 51 a factor of 3912567?
True
Does 9 divide 110133?
True
Is 811395 a multiple of 317?
False
Is 206 a factor of 7015572?
False
Is 739518 a multiple of 998?
True
Is 2597869 a multiple of 8?
False
Does 15 divide 3613138?
False
Does 9 divide 1699308?
True
Does 28 divide 11162691?
False
Is 35 a factor of 45674?
False
Does 59 divide 101834?
True
Is 405144 a multiple of 136?
True
Is 180 a factor of 258120?
True
Is 3361347 a multiple of 9?
True
Is 29 a factor of 4254532?
True
Does 11 divide 13997?
False
Is 215 a factor of 1052855?
True
Is 9 a factor of 43895?
False
Is 37 a factor of 3216151?
True
Is 310 a factor of 256680?
True
Is 404 a factor of 6192916?
True
Does 25 divide 323526?
False
Is 236123 a multiple of 57?
False
Is 83205 a multiple of 45?
True
Is 839974 a multiple of 21?
False
Does 299 divide 274036?
False
Is 221 a factor of 118898?
True
Does 24 divide 180428?
False
Is 482160 a multiple of 20?
True
Is 19915 a multiple of 7?
True
Is 52 a factor of 33228?
True
Is 474552 a multiple of 52?
True
Is 1549264 a multiple of 74?
True
Does 140 divide 58940?
True
Does 380 divide 321397?
False
Does 762 divide 4968950?
False
Is 149473 a multiple of 113?
False
Does 986 divide 751332?
True
Does 29 divide 4582447?
False
Does 64 divide 52864?
True
Does 818 divide 26484386?
True
Does 10 divide 5982720?
True
Is 581522 a multiple of 90?
False
Is 436 a factor of 126004?
True
Is 734154 a multiple of 222?
True
Is 15 a factor of 277513?
False
Is 110304 a multiple of 16?
True
Is 406 a factor of 158613?
False
Is 2721506 a multiple of 188?
False
Is 14 a factor of 9016?
True
Does 7 divide 81136?
False
Is 47530 even?
True
Is 54702 a multiple of 9?
True
Does 444 divide 1268064?
True
Does 26 divide 7098?
True
Is 28073419 a multiple of 33?
False
Does 944 divide 2599393?
False
Is 24 a factor of 20462873?
False
Is 18 a factor of 1030583?
False
Is 13 a factor of 113399?
True
Is 1604 a factor of 5571124?
False
Does 11 divide 277970?
True
Is 44 a factor of 260937?
False
Does 89 divide 452298?
True
Is 800504 a multiple of 18?
False
Is 152 a factor of 271212?
False
Does 83 divide 102752?
False
Is 3 a factor of 2426643?
True
Does 227 divide 50092?
False
Is 17875161 a multiple of 81?
True
Is 871539 even?
False
Is 20 a factor of 49893?
False
Is 50 a factor of 168750?
True
Is 88 a factor of 44082?
False
Is 23 a factor of 4594848?
True
Is 1573853 a multiple of 4?
False
Is 3507712 a multiple of 93?
False
Does 136 divide 26276?
False
Is 228036 a multiple of 6?
True
Is 17 a factor of 847076?
True
Does 24 divide 79542?
False
Is 2001617 a multiple of 28?
False
Does 248 divide 1963188?
False
Does 10 divide 558050?
True
Does 597 divide 6174136?
False
Is 8011700 a multiple of 100?
True
Is 25 a factor of 928100?
True
Is 1879212 a multiple of 60?
False
Is 532544 a multiple of 160?
False
Is 7914475 a multiple of 17?
False
Does 82 divide 43624?
True
Does 34 divide 5776294?
True
Is 3664688 a multiple of 908?
True
Is 25998 a multiple of 3?
True
Is 14 a factor of 1017898?
True
Is 1815626 a multiple of 31?
False
Does 29 divide 50806?
False
Is 473589 a multiple of 9?
True
Is 2249814 a multiple of 40?
False
Does 41 divide 521827?
False
Is 9 a factor of 124983?
True
Is 614393 a multiple of 292?
False
Is 461 a factor of 17862828?
True
Is 922645 a multiple of 11?
False
Does 25 divide 270067?
False
Does 14 divide 576534?
True
Is 234 a factor of 6864413?
False
Does 313 divide 311063?
False
Does 373 divide 10002652?
False
Is 3936368 a multiple of 28?
False
Is 995324 a multiple of 631?
False
Is 29 a factor of 89465?
True
Is 49 a factor of 789488?
True
Does 72 divide 225373?
False
Does 9 divide 693491?
False
Does 75 divide 838656?
False
Is 9080010 a multiple of 2165?
True
Does 24 divide 2205781?
False
Does 659 divide 2924147?
False
Does 12 divide 16263078?
False
Is 1346271 a multiple of 16?
False
Is 87 a factor of 96985?
False
Is 1141288 a multiple of 23?
False
Is 30 a factor of 61423?
False
Is 279896 a multiple of 8?
True
Is 3761504 a multiple of 32?
True
Does 21 divide 301686?
True
Is 3342079 a multiple of 16?
False
Is 50370 a multiple of 6?
True
Does 66 divide 407286?
True
Does 1814 divide 9508988?
True
Is 77 a factor of 802457?
False
Is 362625 a multiple of 757?
False
Does 83 divide 8412284?
False
Is 108443 a multiple of 3?
False
Does 62 divide 107216?
False
Does 47 divide 69735?
False
Is 41660 a multiple of 118?
False
Does 201 divide 472350?
True
Is 8576170 a multiple of 29?
True
Is 50001 a multiple of 4?
False
Does 41 divide 7759947?
True
Is 240 a factor of 438008?
False
Is 7532888 a multiple of 22?
True
Is 255365 a multiple of 3?
False
Does 7 divide 213985?
False
Is 97399 a multiple of 136?
False
Does 8 divide 336216?
True
Is 17 a factor of 199140?
False
Is 7 a factor of 265447?
True
Is 97 a factor of 353224?
False
Is 446 a factor of 892163?
False
Is 382 a factor of 5793650?
False
Is 194370 a multiple of 10?
True
Does 5 divide 122465?
True
Is 216480 a multiple of 328?
True
Does 8 divide 21752?
True
Is 46659 a multiple of 151?
True
Is 53 a factor of 7166838?
False
Does 38 divide 3306217?
False
Does 20 divide 3335174?
False
Is 25 a factor of 464525?
True
Is 338915 a multiple of 15?
False
Is 11 a factor of 6679265?
False
Is 3 a factor of 280082?
False
Is 226083 a multiple of 11?
True
Is 2 a factor of 4985?
False
Is 37 a factor of 108077?
True
Is 173645 a multiple of 39?
False
Is 65242 a multiple of 66?
False
Is 78840 a multiple of 292?
True
Is 145 a factor of 163329?
False
Is 633003 a multiple of 259?
False
Is 995 a factor of 9376483?
False
Is 801 a factor of 3353639?
False
Does 89 divide 2857273?
False
Is 130188 a multiple of 12?
True
Does 212 divide 86056?
False
Is 24378 a multiple of 6?
True
Is 246304 a multiple of 18?
False
Is 53891 a multiple of 45?
False
Does 272 divide 614720?
True
Is 9842 a multiple of 14?
True
Does 219 divide 196224?
True
Is 11 a factor of 856526?
True
Is 36 a factor of 285361?
False
Is 10 a factor of 2361?
False
Is 14 a factor of 4457278?
True
Is 96915 a multiple of 15?
True
Is 132666 a multiple of 65?
False
Does 10 divide 12372278?
False
Is 12683815 a multiple of 32?
False
Does 10 divide 111027?
False
Is 9 a factor of 143910?
True
Is 491464 a multiple of 12?
False
Is 25 a factor of 1819570?
False
Does 90 divide 673651?
False
Is 42 a factor of 1065379?
False
Does 18 divide 13446?
True
Is 652 a factor of 2120257?
False
Does 5 divide 3205?
True
Does 9 divide 83007?
True
Is 58 a factor of 344084?
False
Does 31 divide 36580?
True
Is 64430 a multiple of 51?
False
Does 105 divide 30167?
False
Does 18 divide 9249354?
True
Is 37 a factor of 327152?
False
Does 78 divide 919620?
True
Is 672224 a multiple of 7?
True
Is 57 a factor of 2751218?
False
Is 1045944 a multiple of 876?
True
Is 1091115 a multiple of 15?
True
Is 10 a factor of 17908510?
True
Is 321 a factor of 312333?
True
Is 103 a factor of 4566711?
True
Does 117 divide 146555?
False
Is 184 a factor of 94208?
True
Does 613 divide 2653064?
True
Does 70 divide 621853?
False
Does 123 divide 644520?
True
Is 62334 a multiple of 26?
False
Does 9 divide 58743?
True
Is 1786819 a multiple of 17?
True
Is 2187187 a multiple of 11?
False
Is 212877 a multiple of 31?
True
Is 2094660 a multiple of 108?
True
Is 2540339 a multiple of 29?
False
Is 1417 a factor of 32413975?
False
Is 48715 a multiple of 19?
False
Does 32 divide 21770?
False
Is 80 a factor of 795280?
True
Does 12 divide 616972?
False
Does 7 divide 8171743?
False
Does 5 divide 15745?
True
Is 45377